+ -36)) + -18
17
Evaluate 35 - (35 + (2 - (23 + -7))).
14
What is 41 + -42 + -1 + -27?
-29
-30 - -28 - ((11 - 23) + 12)
-2
Calculate -27 - (-8 + -1 + -13 + 9 + 5).
-19
What is (8 - 2) + 18 + 0 + 16 + -44?
-4
What is the value of -97 + (-18 - -31) - -60?
-24
Evaluate 26 + -78 + -2 + 45 + (-1 - -58).
48
Calculate (-12 - (-76 + 33)) + 2 + 1 - -3.
37
Calculate 81 + (50 - 56) + -3.
72
13 + -14 + 10 + (100 - (40 - 28))
97
Calculate 89 + (-87 - (53 + -147)).
96
What is the value of -52 + (8 - -61) + -42?
-25
Evaluate 85 - (-3 + -18 - -1 - (-11 - 4)).
90
-461 + 487 + (-28 - 1) + 1 + (1 - 2)
-3
What is the value of 9 + -48 + 2 + -10 + -3 - (21 - 12)?
-59
What is the value of (8 + -16 + -2 - 8) + -2 + (-139 - -132)?
-27
Evaluate (-3 - -3) + 1 + -9 + 27.
19
What is the value of 3 + -83 - (-186 - -146)?
-40
Calculate 0 - -98 - (-86 + 183 + -106).
107
What is the value of -59 + (195 - (-34 + 111))?
59
Calculate -107 + (-220 - -135 - -84).
-108
Evaluate (-707 - -715) + -4 + 6 + (117 - -3).
130
(1 - 85 - (-30 - -40 - 4 - 19)) + 3
-68
-27 - (-12 + (18 - 5) + -17) - 36
-47
52 + (43 - 35) + -39 + 34 + (7 - 1)
61
Calculate -8 - (5 + (19 - 4)).
-28
What is the value of 44 - ((1 - -14) + 6)?
23
What is 3 - (-20 + -33) - 107?
-51
-1067 + 1050 - (1 + 0 + 6 + -3)
-21
3 + -1 + 15 + (59 - 34) + -32
10
What is the value of -65 + (-1 - -2) + (96 - (100 + -49) - 37)?
-56
Evaluate 582 - 554 - (31 + 1).
-4
Evaluate -40 + (67 - 69) - 28.
-70
Evaluate (-22 - 25) + -25 + 27 + -21.
-66
What is the value of -53 - (21 + (-4 - -10 - 44))?
-36
((-1 - -28) + -1 - (-217 + 209)) + 11
45
What is (48 - 7) + -34 - (17 + -1)?
-9
What is the value of -13 - 19 - -9 - (-17 - 6) - (-1 + -96)?
97
What is the value of (-174 - 26) + (479 - 382)?
-103
Evaluate -8 + 12 + (-15 - (0 - 4)).
-7
Evaluate (-10 - -33) + 1085 + -1162.
-54
What is -5 + 30 - ((-15 + 1 - -24) + 2)?
13
27 + (6 - (12 - 6 - -69))
-42
Calculate (39 - 2) + 1 - 3 - (-12 + (10 - 3)).
40
What is 2 + 29 + -40 + -30?
-39
Calculate 41 + (-1 - -1) + -5 + 8 - (3 + 8).
33
127 + -121 + (-3 - (-62 + (7 - 6)))
64
Calculate -5 + 1 + 13 + 2 + (3075 - 3157).
-71
Evaluate -7 + -1 - (-40 + (-25 - -39) + 19).
-1
What is the value of -91 + (-347 - -281 - (0 + -45))?
-112
Calculate (-2 - -6 - 3) + (30 - (9 + 17)).
5
What is the value of 7 - (-3 + (-33 - -16) + -11)?
38
What is the value of -16 - (-71 + 54 - -77 - (-6 - -3))?
-79
Evaluate -10 + 46 + -105 + -21 - ((2 - 8) + 1).
-85
What is the value of (30 - -8) + 17 - 123?
-68
What is the value of 1 + 1 - (1464 - 1444)?
-18
What is the value of -64 + 77 + (2 - (0 + 0 - (-4 - -29)))?
40
What is the value of -8 - (-36 + 18 + 20 - -20)?
-30
Calculate (-1948 - -1961 - (0 + 12)) + -5.
-4
Evaluate (2 - (-14 - -9)) + -2 - 13.
-8
What is -20 - (-153 - (-19 + 39 + -18 - 20))?
115
Calculate 3 + -52 + 50 + -48 - -14.
-33
What is the value of 6 - ((-20 - -27) + -10 + (-3 - 2))?
14
Calculate -26 + 5 + (-3 + -9 - (48 - 70) - 2).
-13
What is the value of (1 - -8) + (42 - 48 - 31) + 3 + -15?
-40
What is (10 + 9 + -25 - (-8 + 5 - 12)) + -1?
8
(-17 - (1 + 0)) + (1190 - 1158)
14
-8 + (36 - (1 + 7 - -2)) + 8 + 8
34
What is the value of (1 - (-5 - (5 + (-40 - 7)))) + 8?
-28
What is the value of -40 + -1 - (132 + -167)?
-6
Calculate (35 - (4 + 0)) + (-590 - -570).
11
Calculate (1484 - 1444) + (-29 - 1) + (0 - (-32 + 1)).
41
What is the value of -131 + 30 + 86 + 81 + -1?
65
-1 + (-37 - (0 + -7 + (-42 - -90 - 26)))
-53
Calculate 0 - (-1 + -53 - (-66 + 49 - -20)).
57
8 - (-18 + 22 + -5) - (10 - 118)
117
(3 + 4 - (-45 + -4 + 5)) + (3 - -7)
61
What is the value of 0 + -43 - (-16 - (-4 + 13 + -11))?
-29
Evaluate (18 - -12) + -43 - -7 - -1.
-5
What is 84 + 86 + 24 + -227?
-33
50 + -62 + 36 + 4 - (-5 - 9)
42
Calculate (-7 - 0 - -3) + -41 - (2275 + -2272).
-48
What is -24 - (-85 + 36 + -23) - 7?
41
Evaluate -1 + -1 + (-36 - (33 - 73)) + -5.
-3
What is 8 - (-13 + 7 + 163 + (-18 - -1))?
-132
Calculate 0 - -27 - ((525 - 180) + -434).
116
What is 1 - (-6 - 2 - (-1 - 4)) - (5 + -38)?
37
What is the value of (175 - 55) + (332 - 346)?
106
What is (-160 - -43 - -24) + (0 + 2 - 12)?
-103
What is the value of 25 + (-23 - (-38 - -53))?
-13
What is the value of (3 - (25 + (-4 - 0))) + 80 + -90?
-28
92 - ((-8 - 35) + (36 - 14) + 17)
96
What is the value of (-11 - 1 - -46) + -10 + 6?
30
What is the value of 888 - 880 - (38 + (1 - 3))?
-28
Evaluate (3 - 2) + -10 - (25 + -19 + 5).
-20
Calculate (57 + -17 - 30) + 0 + 4 + -3 + 55.
66
What is the value of 6 + (29 - (-6 - -32)) + -71?
-62
What is the value of -8 - (-1 + -36 + -38)?
67
(11 - -54) + -134 + 6
-63
What is the value of -163 - -103 - (9 + (-1 - 19))?
-49
Calculate -8 + 3 + 1 + 3 + 103 + 3.
105
42 - (77 - (38 - 20))
-17
What is (0 - 6) + (-20 - -30) + (18 - 78)?
-56
Calculate (-4 - -1) + 49 + 128 + -206.
-32
Evaluate -6 - (-27 + (-31 - -57) - (-2 + 8)).
1
What is the value of 19 - 7 - (-83 - -78 - -24)?
-7
Calculate 20 + -6 + 25 + -36 + (-18 - (-3 + 3)).
-15
Evaluate (-2 - -7) + (-20 + 10 + -15 - -17) - 0.
-3
-29 + (-62 - -2) - -217
128
What is the value of (-67 - -2) + (41 - -2 - (-156 - -181))?
-47
Evaluate -80 - ((1 - 69) + 18 + 19).
-49
Calculate -8 + (7 - (-7 - (-27 - -10))) + 1 - -58.
48
Evaluate -9 + (-8 + 16 - 15 - -4) + 14 + 9.
11
33 + (31 + -16 - (5 - -1))
42
Evaluate 18 + 7 - 6 - (-26 - -64).
-19
Calculate (20 - -3) + (-43 - -54) + -23.
11
Evaluate -22 + -20 - 3 - -43.
-2
Calculate -90 + (-1 - 15 - (-36 + 11 + 20)).
-101
-3 - (-10 + 21) - -4 - -69
59
Calculate 0 + -24 - (-4 - -5 - (11 + -1)).
-15
Evaluate (2 - -78 - 80) + -31.
-31
-2 + -59 - (-6 - (-7 + (18 - (8 + 0))))
-52
Evaluate (-38 - -12) + (-11 - -25) + 0.
-12
What is -30 - ((-6 - 59) + 45)?
-10
Calculate 9 + (-1 - (-30 + -12 + 25)).
25
Calculate -4 + (-31 - (-18 + 0)) + 102 - -12.
97
Evaluate (3 - 4) + (-13 - (12 + -23) - (3 + 40)).
-46
Calculate 7 + -2 - 1 - 68 - -9 - (22 - 12).
-65
Calculate -15 + -1 - (-12 - ((16 - (8 - 5)) + -19)).
-10
Evaluate -98 - ((2 - (3 + -1) - 14) + (-2199 - -2205)).
-90
What is (-8 - 2 - (13 - 39 - -7)) + -98?
-89
What is the value of 21 + 3 + (17 - (22 - 14)) - -4?
37
Calculate 8 + (31 - (8 + (11 + -37 + 1 - -8))).
48
Evaluate (20 - 33 - 0) + (-2 - 8 - -2).
-21
645 + -611 + (-4 - -1)
31
23 + (18 - (89 + 12 + 15))
-75
Calculate -4 + (1 - 10) + 12 + (17 + -19 - -89).
86
What is (53 - 61) + (9 - 22) + -15?
-36
What is -107 + 0 + 6842 + -6767?
-32
What is 55 + -2 + (-94 - -98) + 1 + -14 + 8?
52
Evaluate 40 - (4 + -9) - (16 - 7 - -8).
28
Calculate (0 - -2) + (-26 - -58 - -3).
37
Evaluate (-197 - 0) + 160 - (-2 - (-9 - 2)).
-46
(279 + -300 - (-1 + -42)) + -74
-52
Evaluate -15 + -1 + (37 + 27 - 90).
-42
What is the value of 163 + (-17 + -30 - 13)?
103
129 + (-58 - 52) + 2 + 24
45
Evaluate (-10 + 1 - (3 + 4 + -14)) + -3.
-5
What is -24 - (0 - (29 - (26 + -11)))?
-10
-37 + (0 - (-10 + 14 - 0))
-41
Evaluate 26 + -2 + 21 + -5 + 3 - -12.
55
What is 25 - (-32 - (-8 + -38)) - (7 - (3 + -2))?
5
Evaluate -3578 + 3465 + (0 - (-10 + 1 + -1 + -4)).
-99
Evaluate 60 + (2 - 4) + (-38 - -8 - -17).
45
-9 + -43 + 60 + (2 - 70) - 17
-77
What is the value of -9 + ((-53 - 5) + 38 - (1 + -22))?
-8
What is the value of 63 + 9 + 6 + -19 - 13?
46
Calculate (41 - (92 + -63)) + -72.
-60
Calculate (11 + -21 - (-22 + -23)) + 30.
65
Calculate 28 + (28 - 22 - 30) - 74.
-70
Calculate -63 + 1 - (1604 + -1661).
-5
What is the value of -64 - (17 + -20 + 1 + -19)?
-43
What is the value of (-59 - (-79 - -45)) + 2?
-23
Evaluate 122 + (-2 + -64 - -13).
69
Calculate 49 + (-25 + 64 - 3).
85
What is (-3 - -3) + 1 - (5037 + -4945)?
-91
What is 89 - (179 - 42 - 16)?
-32
What is the value of 0 - (-39 - (-55 + 29)) - (-6 - 1 - 1)?
21
What is -14 + (10 - (23 - (-10 - -11 - 0)))?
-26
Calculate 144 + (-113 - -72) - 77.
26
What is the value of -1 + 36 - -3 - (-1556 + 1579) - -26?
41
Evaluate (46 - -15 - 59) + -3.
-1
What is the value of 45 + (37 - 60) - 45?
-23
Calculate -40 + 0 + 4 - (-10 + (30 - 33)).
-23
Calculate 24 - (-19 - (-32 - 18)).
-7
What is the value of -38 + -17 + 8 + 33?
-14
Evaluate -3 + -7 + (58 - 77 - (-99 - -3)).
67
Evaluate (-1 - -23 - (-507 - -487)) + 10.
52
What is the value of 181 - 147 - (2 - 36)?
68
Calculate -63 + 7 - -2 - (3 + -4).
-53
(60 - (-19 + 21)) + -94
-36
What is the value of (-1 - 2 - (0 + (-3 - -7))) + (-4 -